 by (-44)/12*(-1 - 2).
8
Suppose 5*h - 3*u - 39 = -2*u, 2*u = 2*h - 22. Calculate the remainder when 24 is divided by h.
3
Let n be 2/15 - (-116)/30. Let b = n - -15. Calculate the remainder when 60 is divided by b + (2/(-1))/(-1).
18
Let o(k) = -k**3 + 5*k**2 + 4*k - 5. Let m(z) = 5*z + 3. Let l be m(-8). Let v be 2/(-7) - l/7. Calculate the remainder when 57 is divided by o(v).
12
Let x be (2/(-2))/(((-6)/10)/3). Suppose x*a - 39 = -14. Suppose 3*z + 0 - 27 = 0. Calculate the remainder when z is divided by a.
4
Suppose 0 = 5*r - 13 - 17. Let j = 47 - r. Calculate the remainder when 121 is divided by j.
39
Let l = -2723 - -2733. Suppose 246 = -4*w - 22. Let v = w - -104. Calculate the remainder when v is divided by l.
7
Let q = -44 + 124. What is the remainder when q is divided by 21?
17
Suppose 13*s - 6 = 14*s. Let u(z) = 4*z**2 + 20*z - 4. Calculate the remainder when u(s) is divided by 5.
0
Suppose -3*s - 14 = -3*d + d, -d - 5 = 0. Let g = -14 - s. Calculate the remainder when (-204*4/g)/2 is divided by 18.
14
Let b = 49 + 12. Suppose -11*o + 5*o = -126. Calculate the remainder when b is divided by o.
19
Suppose m - 3*m - 24 = 0. Let x be (-4 + 5)/2*m. Calculate the remainder when 59 is divided by x*5/10 - -15.
11
Let i(w) = w**2 + 15*w - 10. Suppose -19*t + 15*t = 64. Calculate the remainder when 4/5*55/2 is divided by i(t).
4
Let j = 2258 - 2245. What is the remainder when 217 is divided by j?
9
Suppose -27 = -7*m + 8. Calculate the remainder when 18 is divided by (-1 + 2)*39*m/15.
5
Suppose 2*l - 2*v - 12 = 0, 5*l - 8 = l - 4*v. Suppose 252 = l*f - 340. What is the remainder when f is divided by 25?
23
Suppose -18*v + 12*v = 0. What is the remainder when 12 is divided by v + ((-3)/15)/(5/(-175))?
5
Let y(q) = 0 - 1 - 5*q - q**2 + 1 + 1. Let l be y(-4). Let b = 20 - l. Calculate the remainder when 57 is divided by b.
12
Let h be (-1 - 70/(-3))/(3/9). Let v = h - 54. Calculate the remainder when v is divided by 4.
1
Calculate the remainder when 7194/42 + 4/(-14) is divided by 45.
36
Let x(f) = -3*f**2 + 5*f**2 - f**3 + 0*f**3. Let d = -40 - -38. Calculate the remainder when 47 is divided by x(d).
15
Suppose 6*b + 277 = 1. Suppose -2*w - 45 = 11. Let l = w - b. Calculate the remainder when 71 is divided by l.
17
Suppose 6*r - 71 = 13. What is the remainder when 223 is divided by r?
13
Let o = -232 - -372. What is the remainder when o is divided by 71?
69
Suppose -8*s = -5*s. Let y = s + 3. What is the remainder when -7*y*12/(-21) is divided by 5?
2
Let b(h) = -5*h - 13. What is the remainder when b(-6) is divided by 7?
3
Let j(q) be the second derivative of -23*q**3/6 - 9*q**2/2 + 5*q. Let o(x) = x**3 + 4*x**2 - 3*x + 1. What is the remainder when j(-2) is divided by o(2)?
18
Suppose 0*t + b - 50 = -3*t, t + 5*b = 26. Suppose 43 = 3*c + t. Let g(a) = -a**3 + 8*a**2 + 10*a + 5. Calculate the remainder when 52 is divided by g(c).
10
Let r = 45 + -24. Let p(b) = -b**3 + 15*b**2 + b - 13. What is the remainder when r is divided by p(15)?
1
Let j = -232 - -256. Calculate the remainder when (-15)/5 + 121 + -2 is divided by j.
20
Suppose 0 = 5*c - 2 - 23. Let y(k) = k - 1. Let n = 20 - 6. Calculate the remainder when n is divided by y(c).
2
Let v be (-55)/(-2) + (-4)/(-8). Let k = v + -16. Let z = 36 + -4. What is the remainder when z is divided by k?
8
Let l(n) be the third derivative of -n**6/120 + 7*n**5/60 + n**4/24 - 2*n**3/3 - 13*n**2. Calculate the remainder when 10 is divided by l(7).
1
Suppose -788 = -4*b + 3*m, 2*b + m + 67 - 461 = 0. Calculate the remainder when b is divided by 20.
17
Let j(l) = 4*l**2 + 16*l + 9. Calculate the remainder when j(-6) is divided by ((-12)/14)/((-5)/175).
27
Let q(j) = j + 74. Suppose z + z - 70 = 0. What is the remainder when q(28) is divided by z?
32
Let f = 13 + -11. Suppose 236 = 2*i + f*i. Suppose -3*c - 5*s = -s - 71, -s = c - 23. Calculate the remainder when i is divided by c.
17
Calculate the remainder when 51 is divided by 1122/45 + 36/540.
1
Let u(p) = p**2 - 44*p - 156. What is the remainder when u(49) is divided by 35?
19
Suppose -143 = 4*z - k + 281, 3*z - k = -318. Let x = 175 + -344. Let f = z - x. Calculate the remainder when f is divided by 22.
19
Suppose -5*r - 2 = 3*h, -h + r = 3*r. Let x be 9 + 0 + 0 + -1. What is the remainder when 41 is divided by 22/x*h/(-1)?
8
Suppose 3*v = -5*l + 42, -3 + 9 = 3*l - 3*v. Let j(n) = -5*n + 14. Suppose -3*k - 1 = 11. Calculate the remainder when j(k) is divided by l.
4
Suppose 2*g + 182 = 5*a, 213 = 5*a + 2*g + 15. Suppose -2*l + 69 = 5*f, -l = -2 - 0. What is the remainder when a is divided by f?
12
Suppose -85*u + 65610 = -31*u. Calculate the remainder when u is divided by 4.
3
Let x(p) = 5*p**2 - 3 + 2*p - 3*p**2 + 4 - 4. Calculate the remainder when x(-4) is divided by (-6)/(-1*(-2)/(-4)).
9
Let r be (598/(-26))/(1/(7/1)). Let w = r - -169. Suppose -39 = -2*m - 11. Calculate the remainder when m is divided by w.
6
Let h(d) = -7*d - 5. Let p be h(-7). Suppose 0 = 3*v - 19 - p. What is the remainder when 60 is divided by v?
18
Let m = 345 - 311. What is the remainder when m is divided by 5?
4
Suppose -5*k + p + 274 = 0, 5*k - 273 = -32*p + 34*p. Calculate the remainder when k is divided by 32.
23
Let q(k) be the third derivative of k**6/120 - k**5/30 + k**4/6 - k**3/2 - 10*k**2. What is the remainder when 19 is divided by q(2)?
4
Suppose 5*f - 77 = -z + 342, 2*f - 4 = 0. What is the remainder when z is divided by 46?
41
Let m(y) = 7*y + 65. Let o be m(-9). Suppose -5*n - 12 = o*k, -3 = -2*k + 3*n + 17. What is the remainder when 39 is divided by k?
3
Suppose 34*f = -53*f + 10179. Calculate the remainder when f is divided by 30.
27
Suppose 0 = 2*y + 2*y + q - 370, -194 = -2*y + 4*q. Suppose 556 = -21*u + 1060. What is the remainder when y is divided by u?
21
Suppose -32 = 5*t + 2*s - 98, 4 = t + 5*s. Calculate the remainder when 274 is divided by t.
8
Let x(h) = h**3 + 3*h**2 - 2*h - 3. Calculate the remainder when 12 is divided by x(-2).
2
Suppose 0*r - 14*r + 3948 = 0. What is the remainder when r is divided by 19?
16
Suppose 5*y + 5*s = 10, 4*y + 0*s = 2*s + 14. Suppose 260 = 2*v + y*v. What is the remainder when v is divided by 28?
24
What is the remainder when 225 is divided by ((-12)/20)/((-48)/4640)?
51
Suppose 107*h + 840 = 112*h. What is the remainder when h is divided by 20?
8
Let y = -1187 - -1197. Suppose 2*u - 204 = 3*i - 23, 5*i = -5. What is the remainder when u is divided by y?
9
Suppose -16*c + 402 + 1134 = 0. Calculate the remainder when c is divided by 4.
0
Suppose -10 + 2 = i. Let d = i + 0. Let c = d + 11. What is the remainder when 4 is divided by c?
1
Let x(u) = -151*u**3 + 5*u**2 + 3*u + 1. Calculate the remainder when x(-1) is divided by 53.
48
Let y be (1 + (-4)/(-8))*-6. Let j be 9/1 + y + 5. Suppose -s + 0 = -j. What is the remainder when 16 is divided by s?
1
Let h(i) = i - 1. Let q be h(3). Suppose -6 = 2*m + 2*f, -f = -q*m + 2*f - 21. What is the remainder when 13 is divided by 50/15*m/(-5)?
1
Suppose 158 = -6*f + 350. What is the remainder when 98 is divided by f?
2
Let f(r) = -r**2 + 12*r + 40. Let g be f(14). Suppose -g*b + 10*b = -30. What is the remainder when 103 is divided by b?
13
Let f = 84 + -79. Calculate the remainder when f is divided by 4/(-18) - 570/(-135).
1
Suppose -2*a + 7*a = -3*r + 224, r + 3*a = 76. Calculate the remainder when r is divided by 10/4*(1 + 7).
13
Suppose 0 = 9*k + 644 - 878. What is the remainder when k is divided by 13?
0
Let b(d) = -5*d - 12. Let p = 3 - 1. What is the remainder when b(-6) is divided by 14/(-3)*(-3)/p?
4
Suppose -4*l + 472 = -16. What is the remainder when l is divided by 23 - (-1 + (3 - 4)/1)?
22
Let f = 34 + -15. Let p(g) = -22*g - 7. Let m be p(-6). Suppose 4*d - 349 = -m. What is the remainder when d is divided by f?
18
Calculate the remainder when 27 is divided by (-50)/(-10)*2/(20/38).
8
Suppose 0 = -2*s - k + 141, 2*s + 5*k + 18 = 155. Let m = 159 - s. Calculate the remainder when m is divided by 7.
4
Calculate the remainder when (-165)/(-20)*-30*(-24)/10 is divided by 23.
19
Let d be 50/15 - (-3)/(-9). Let g = d + -1. Suppose -g*b + 30 = 3*b. Calculate the remainder when b is divided by 5.
1
Suppose r - 3*r - 5*y = -280, -3*y + 12 = 0. Let x = 133 - r. W